{"id":1990,"date":"2025-07-11T20:56:46","date_gmt":"2025-07-11T18:56:46","guid":{"rendered":"https:\/\/itsmyruum.com\/product\/koppla-5-sits-sv-rd-panell-rd-hxl-rho\/"},"modified":"2025-09-05T21:08:41","modified_gmt":"2025-09-05T19:08:41","slug":"koppla-5-sits-sv-rd-panell-rd-hxl-rho","status":"publish","type":"product","link":"https:\/\/itsmyruum.com\/en\/product\/koppla-5-sits-sv-rd-panell-rd-hxl-rho\/","title":{"rendered":"Koppla \u2013 5-sits modulsoffa (SV + RD + PANEL + RD + HXL + RH\u00d6)"},"content":{"rendered":"<p class=\"\" data-start=\"1742\" data-end=\"1815\"><strong data-start=\"1742\" data-end=\"1793\">6 moduler \u2013 M\u00e5tt: 484 \u00d7 225 \u00d7 87 cm (B \u00d7 D \u00d7 H)<\/strong><br data-start=\"1793\" data-end=\"1796\" \/><strong data-start=\"1796\" data-end=\"1815\">Sitth\u00f6jd: 45 cm<\/strong><\/p>\n<p class=\"\" data-start=\"1817\" data-end=\"1965\">En stor och bekv\u00e4m 5-sits med b\u00e5de l\u00e4ngd, loungek\u00e4nsla och \u00f6ppenhet. Idealisk f\u00f6r det stora vardagsrummet d\u00e4r m\u00e5nga ska kunna samlas. Den best\u00e5r av:<\/p>\n<p class=\"\" data-start=\"1969\" data-end=\"1997\"><strong data-start=\"1969\" data-end=\"1975\">SV<\/strong>\u00a0= Sch\u00e4slong v\u00e4nster<br \/>\n<strong data-start=\"2000\" data-end=\"2011\">RD + RD<\/strong>\u00a0= Tv\u00e5 raka delar<br \/>\n<strong data-start=\"2033\" data-end=\"2043\">PANEL<\/strong>\u00a0= Mellandel f\u00f6r rytm och andrum<br \/>\n<strong data-start=\"2080\" data-end=\"2087\">HXL<\/strong>\u00a0= XL-h\u00f6rna f\u00f6r rymlig komfort<br \/>\n<strong data-start=\"2122\" data-end=\"2129\">RH\u00d6<\/strong>\u00a0= Rak med \u00f6ppen h\u00f6ger<\/p>\n<p class=\"\" data-start=\"2155\" data-end=\"2266\">H\u00e4r finns plats f\u00f6r b\u00e5de vila, samtal och stil. En modern samlingspunkt som imponerar med sin volym och balans.<\/p>\n<p class=\"\" data-start=\"2268\" data-end=\"2442\">&#8211; 6 moduler: SV + RD + PANEL + RD + HXL + RH\u00d6<br data-start=\"2315\" data-end=\"2318\" \/>&#8211; Plats f\u00f6r 5 personer<br data-start=\"2341\" data-end=\"2344\" \/>&#8211; Gener\u00f6s och visuellt l\u00e4tt tack vare smarta mellanrum<\/p>","protected":false},"excerpt":{"rendered":"<p>6 moduler \u2013 M\u00e5tt: 484 \u00d7 225 \u00d7 87 cm (B \u00d7 D \u00d7 H)Sitth\u00f6jd: 45 cm En stor och<\/p>","protected":false},"featured_media":3275,"comment_status":"open","ping_status":"closed","template":"","meta":{"_acf_changed":false},"product_brand":[],"product_cat":[70,81,83,85,90,88,89],"product_tag":[],"class_list":{"0":"post-1990","1":"product","2":"type-product","3":"status-publish","4":"has-post-thumbnail","6":"product_cat-alla-soffor","7":"product_cat-divansoffor","8":"product_cat-hornsoffor","9":"product_cat-modulsoffor","10":"product_cat-products","11":"product_cat-startsida","12":"product_cat-storre-soffor","14":"first","15":"instock","16":"shipping-taxable","17":"purchasable","18":"product-type-simple"},"acf":[],"_links":{"self":[{"href":"https:\/\/itsmyruum.com\/en\/wp-json\/wp\/v2\/product\/1990","targetHints":{"allow":["GET"]}}],"collection":[{"href":"https:\/\/itsmyruum.com\/en\/wp-json\/wp\/v2\/product"}],"about":[{"href":"https:\/\/itsmyruum.com\/en\/wp-json\/wp\/v2\/types\/product"}],"replies":[{"embeddable":true,"href":"https:\/\/itsmyruum.com\/en\/wp-json\/wp\/v2\/comments?post=1990"}],"version-history":[{"count":1,"href":"https:\/\/itsmyruum.com\/en\/wp-json\/wp\/v2\/product\/1990\/revisions"}],"predecessor-version":[{"id":4832,"href":"https:\/\/itsmyruum.com\/en\/wp-json\/wp\/v2\/product\/1990\/revisions\/4832"}],"wp:featuredmedia":[{"embeddable":true,"href":"https:\/\/itsmyruum.com\/en\/wp-json\/wp\/v2\/media\/3275"}],"wp:attachment":[{"href":"https:\/\/itsmyruum.com\/en\/wp-json\/wp\/v2\/media?parent=1990"}],"wp:term":[{"taxonomy":"product_brand","embeddable":true,"href":"https:\/\/itsmyruum.com\/en\/wp-json\/wp\/v2\/product_brand?post=1990"},{"taxonomy":"product_cat","embeddable":true,"href":"https:\/\/itsmyruum.com\/en\/wp-json\/wp\/v2\/product_cat?post=1990"},{"taxonomy":"product_tag","embeddable":true,"href":"https:\/\/itsmyruum.com\/en\/wp-json\/wp\/v2\/product_tag?post=1990"}],"curies":[{"name":"wp","href":"https:\/\/api.w.org\/{rel}","templated":true}]}}

Koppla – 5-sits modulsoffa (SV + RD + PANEL + RD + HXL + RHÖ)

<p class="" data-start="1742" data-end="1815"><strong data-start="1742" data-end="1793">6 moduler – Mått: 484 × 225 × 87 cm (B × D × H)</strong><br data-start="1793" data-end="1796" /><strong data-start="1796" data-end="1815">Sitthöjd: 45 cm</strong></p>
<p class="" data-start="1817" data-end="1965">En stor och bekväm 5-sits med både längd, loungekänsla och öppenhet. Idealisk för det stora vardagsrummet där många ska kunna samlas. Den består av:</p>
<p class="" data-start="1969" data-end="1997"><strong data-start="1969" data-end="1975">SV</strong> = Schäslong vänster<br />
<strong data-start="2000" data-end="2011">RD + RD</strong> = Två raka delar<br />
<strong data-start="2033" data-end="2043">PANEL</strong> = Mellandel för rytm och andrum<br />
<strong data-start="2080" data-end="2087">HXL</strong> = XL-hörna för rymlig komfort<br />
<strong data-start="2122" data-end="2129">RHÖ</strong> = Rak med öppen höger</p>
<p class="" data-start="2155" data-end="2266">Här finns plats för både vila, samtal och stil. En modern samlingspunkt som imponerar med sin volym och balans.</p>
<p class="" data-start="2268" data-end="2442">&#8211; 6 moduler: SV + RD + PANEL + RD + HXL + RHÖ<br data-start="2315" data-end="2318" />&#8211; Plats för 5 personer<br data-start="2341" data-end="2344" />&#8211; Generös och visuellt lätt tack vare smarta mellanrum</p>

<p>6 moduler – Mått: 484 × 225 × 87 cm (B × D × H)Sitthöjd: 45 cm En stor och</p>
