{"id":2615,"date":"2025-04-01T13:04:55","date_gmt":"2025-04-01T11:04:55","guid":{"rendered":"https:\/\/itsmyruum.com\/product\/viska\/"},"modified":"2025-11-25T22:40:18","modified_gmt":"2025-11-25T21:40:18","slug":"viska","status":"publish","type":"product","link":"https:\/\/itsmyruum.com\/en\/product\/viska\/","title":{"rendered":"Viska &#8211; S\u00e4ngram med f\u00f6rvaring"},"content":{"rendered":"<h2 class=\"\" data-start=\"147\" data-end=\"192\">Viska \u2013 en modern s\u00e4ng med taktil karakt\u00e4r<\/h2>\n<p class=\"\" data-start=\"194\" data-end=\"452\">Viska \u00e4r s\u00e4ngen f\u00f6r dig som vill kombinera sofistikerad design med en tydlig materialk\u00e4nsla. Med sina mjuka, vertikala s\u00f6mmar och det karakt\u00e4ristiska boucle-tyget f\u00e5r Viska ett levande uttryck som drar blickarna till sig \u2013 utan att kompromissa med komforten.<\/p>\n<p class=\"\" data-start=\"454\" data-end=\"759\">Den gener\u00f6st stoppade s\u00e4ngramen och s\u00e4nggaveln skapar en inbjudande form, samtidigt som det taktila tyget ger en varm och ombonad k\u00e4nsla till rummet. Den unika strukturen i tyget \u2013 inspirerad av f\u00e5rull \u2013 f\u00f6rh\u00f6jer s\u00e4ngens visuella djup och passar perfekt i s\u00e5v\u00e4l skandinaviska som mer kontempor\u00e4ra milj\u00f6er.<\/p>\n<p class=\"\" data-start=\"761\" data-end=\"947\">Under madrassen finns ett stort f\u00f6rvaringsutrymme med plats f\u00f6r s\u00e4ngkl\u00e4der, kuddar och andra textilier. Perfekt f\u00f6r dig som vill ha ordning och reda i sovrummet utan att tumma p\u00e5 stilen.<\/p>\n<p class=\"\" data-start=\"949\" data-end=\"1114\">Viska tillverkas i Europa med h\u00f6g noggrannhet och kvalitetsmaterial. Du kan v\u00e4lja mellan olika f\u00e4rger och tyger f\u00f6r att anpassa s\u00e4ngen efter din smak och dina behov.<\/p>\n<p class=\"\" data-start=\"949\" data-end=\"1114\">T\u00e4nk p\u00e5 att madrass inte ing\u00e5r vid k\u00f6p av en s\u00e4ngram.<\/p>\n<p class=\"\" data-start=\"949\" data-end=\"1114\"><img decoding=\"async\" src=\"https:\/\/cdn.shopify.com\/s\/files\/1\/0914\/4945\/9070\/files\/RUUM-VISKA-MATT.jpg?v=1743505715\" alt=\"\" \/><\/p>","protected":false},"excerpt":{"rendered":"<p>Viska \u2013 en modern s\u00e4ng med taktil karakt\u00e4r Viska \u00e4r s\u00e4ngen f\u00f6r dig som vill kombinera sofistikerad design med en<\/p>","protected":false},"featured_media":2807,"comment_status":"open","ping_status":"closed","template":"","meta":{"_acf_changed":false},"product_brand":[],"product_cat":[72,73,74,75,77,87,90,86,88],"product_tag":[],"class_list":{"0":"post-2615","1":"product","2":"type-product","3":"status-publish","4":"has-post-thumbnail","6":"product_cat-120x200cm","7":"product_cat-140x200cm","8":"product_cat-160x200cm","9":"product_cat-180x200cm","10":"product_cat-200x200cm","11":"product_cat-alla-sangar","12":"product_cat-products","13":"product_cat-ramsangar","14":"product_cat-startsida","16":"first","17":"instock","18":"shipping-taxable","19":"purchasable","20":"product-type-variable"},"acf":[],"_links":{"self":[{"href":"https:\/\/itsmyruum.com\/en\/wp-json\/wp\/v2\/product\/2615","targetHints":{"allow":["GET"]}}],"collection":[{"href":"https:\/\/itsmyruum.com\/en\/wp-json\/wp\/v2\/product"}],"about":[{"href":"https:\/\/itsmyruum.com\/en\/wp-json\/wp\/v2\/types\/product"}],"replies":[{"embeddable":true,"href":"https:\/\/itsmyruum.com\/en\/wp-json\/wp\/v2\/comments?post=2615"}],"version-history":[{"count":1,"href":"https:\/\/itsmyruum.com\/en\/wp-json\/wp\/v2\/product\/2615\/revisions"}],"predecessor-version":[{"id":5961,"href":"https:\/\/itsmyruum.com\/en\/wp-json\/wp\/v2\/product\/2615\/revisions\/5961"}],"wp:featuredmedia":[{"embeddable":true,"href":"https:\/\/itsmyruum.com\/en\/wp-json\/wp\/v2\/media\/2807"}],"wp:attachment":[{"href":"https:\/\/itsmyruum.com\/en\/wp-json\/wp\/v2\/media?parent=2615"}],"wp:term":[{"taxonomy":"product_brand","embeddable":true,"href":"https:\/\/itsmyruum.com\/en\/wp-json\/wp\/v2\/product_brand?post=2615"},{"taxonomy":"product_cat","embeddable":true,"href":"https:\/\/itsmyruum.com\/en\/wp-json\/wp\/v2\/product_cat?post=2615"},{"taxonomy":"product_tag","embeddable":true,"href":"https:\/\/itsmyruum.com\/en\/wp-json\/wp\/v2\/product_tag?post=2615"}],"curies":[{"name":"wp","href":"https:\/\/api.w.org\/{rel}","templated":true}]}}

Viska &#8211; Sängram med förvaring

<h2 class="" data-start="147" data-end="192">Viska – en modern säng med taktil karaktär</h2>
<p class="" data-start="194" data-end="452">Viska är sängen för dig som vill kombinera sofistikerad design med en tydlig materialkänsla. Med sina mjuka, vertikala sömmar och det karaktäristiska boucle-tyget får Viska ett levande uttryck som drar blickarna till sig – utan att kompromissa med komforten.</p>
<p class="" data-start="454" data-end="759">Den generöst stoppade sängramen och sänggaveln skapar en inbjudande form, samtidigt som det taktila tyget ger en varm och ombonad känsla till rummet. Den unika strukturen i tyget – inspirerad av fårull – förhöjer sängens visuella djup och passar perfekt i såväl skandinaviska som mer kontemporära miljöer.</p>
<p class="" data-start="761" data-end="947">Under madrassen finns ett stort förvaringsutrymme med plats för sängkläder, kuddar och andra textilier. Perfekt för dig som vill ha ordning och reda i sovrummet utan att tumma på stilen.</p>
<p class="" data-start="949" data-end="1114">Viska tillverkas i Europa med hög noggrannhet och kvalitetsmaterial. Du kan välja mellan olika färger och tyger för att anpassa sängen efter din smak och dina behov.</p>
<p class="" data-start="949" data-end="1114">Tänk på att madrass inte ingår vid köp av en sängram.</p>
<p class="" data-start="949" data-end="1114"><img decoding="async" src="https://cdn.shopify.com/s/files/1/0914/4945/9070/files/RUUM-VISKA-MATT.jpg?v=1743505715" alt="" /></p>

<p>Viska – en modern säng med taktil karaktär Viska är sängen för dig som vill kombinera sofistikerad design med en</p>
