{"id":6028,"date":"2025-12-27T01:56:50","date_gmt":"2025-12-27T00:56:50","guid":{"rendered":"https:\/\/itsmyruum.com\/?post_type=product&#038;p=6028"},"modified":"2025-12-27T15:01:53","modified_gmt":"2025-12-27T14:01:53","slug":"umgas-baddsoffa-med-forvaring-hornsoffa","status":"publish","type":"product","link":"https:\/\/itsmyruum.com\/en\/product\/umgas-baddsoffa-med-forvaring-hornsoffa\/","title":{"rendered":"Umg\u00e5s &#8211; B\u00e4ddsoffa med f\u00f6rvaring &#8211; H\u00f6rnsoffa"},"content":{"rendered":"<div data-elementor-type=\"product-post\" data-elementor-id=\"6028\" class=\"elementor elementor-6028\" data-elementor-post-type=\"product\">\n\t\t\t\t<div class=\"wd-negative-gap elementor-element elementor-element-1573eea1 e-flex e-con-boxed e-con e-parent\" data-id=\"1573eea1\" data-element_type=\"container\" data-e-type=\"container\">\n\t\t\t\t\t<div class=\"e-con-inner\">\n\t\t\t\t<div class=\"elementor-element elementor-element-2be6e1af color-scheme-inherit text-left elementor-widget elementor-widget-text-editor\" data-id=\"2be6e1af\" data-element_type=\"widget\" data-e-type=\"widget\" data-widget_type=\"text-editor.default\">\n\t\t\t\t\t\t\t\t\t<h3 data-start=\"127\" data-end=\"189\"><strong data-start=\"131\" data-end=\"189\">Umg\u00e5s &#8211; En b\u00e4ddsoffa med f\u00f6rvaring i boucl\u00e9 tyg.<\/strong><\/h3><p data-start=\"268\" data-end=\"579\">Mjukt, genomt\u00e4nkt och inbjudande.<br data-start=\"301\" data-end=\"304\" \/>Umg\u00e5s \u00e4r en stilren b\u00e4ddsoffa i h\u00f6rnformat, kl\u00e4dd i trendigt boucl\u00e9tyg och skapad f\u00f6r att samla m\u00e4nniskor. Med sin gener\u00f6sa storlek, mjuka former och inbjudande kuddar blir den hemmets sj\u00e4lvklara samlingsplats \u2013 perfekt f\u00f6r l\u00e5nga kv\u00e4llar, vardagsh\u00e4ng och \u00f6vernattande g\u00e4ster.<\/p><p data-start=\"581\" data-end=\"835\">Under sitsen d\u00f6ljer sig en rymlig f\u00f6rvaring d\u00e4r du enkelt kan f\u00f6rvara s\u00e4ngkl\u00e4der, filtar eller extra kuddar. N\u00e4r kv\u00e4llen kommer f\u00e4lls Umg\u00e5s smidigt ut till en bekv\u00e4m b\u00e4dd med sovyta p\u00e5 <strong data-start=\"766\" data-end=\"782\">137 \u00d7 224 cm<\/strong>, vilket ger gott om plats f\u00f6r en eller tv\u00e5 personer.<\/p><p data-start=\"837\" data-end=\"890\"><strong data-start=\"837\" data-end=\"890\">Detaljer som g\u00f6r Umg\u00e5s till mer \u00e4n bara en soffa:<\/strong><\/p><ul data-start=\"891\" data-end=\"1036\"><li data-start=\"891\" data-end=\"918\"><p data-start=\"893\" data-end=\"918\">Inkluderar mjuka kuddar<\/p><\/li><li data-start=\"919\" data-end=\"954\"><p data-start=\"921\" data-end=\"954\">Praktisk f\u00f6rvaring under sitsen<\/p><\/li><li data-start=\"955\" data-end=\"996\"><p data-start=\"957\" data-end=\"996\">Kl\u00e4dd i mjukt, strukturerat boucl\u00e9tyg<\/p><\/li><li data-start=\"997\" data-end=\"1036\"><p data-start=\"999\" data-end=\"1036\">Stabil konstruktion med h\u00f6g komfort<\/p><\/li><\/ul><p data-start=\"1038\" data-end=\"1061\"><strong data-start=\"1038\" data-end=\"1061\">M\u00e5tt &amp; information:<\/strong><\/p><ul data-start=\"1062\" data-end=\"1215\"><li data-start=\"1062\" data-end=\"1078\"><p data-start=\"1064\" data-end=\"1078\">Djup: 177 cm<\/p><\/li><li data-start=\"1079\" data-end=\"1094\"><p data-start=\"1081\" data-end=\"1094\">H\u00f6jd: 94 cm<\/p><\/li><li data-start=\"1095\" data-end=\"1112\"><p data-start=\"1097\" data-end=\"1112\">Bredd: 282 cm<\/p><\/li><li data-start=\"1113\" data-end=\"1134\"><p data-start=\"1115\" data-end=\"1134\">Sittbredd: 224 cm<\/p><\/li><li data-start=\"1135\" data-end=\"1154\"><p data-start=\"1137\" data-end=\"1154\">Sitth\u00f6jd: 41 cm<\/p><\/li><li data-start=\"1155\" data-end=\"1179\"><p data-start=\"1157\" data-end=\"1179\">Sovyta: 137 \u00d7 224 cm<\/p><\/li><li data-start=\"1180\" data-end=\"1215\"><p data-start=\"1182\" data-end=\"1215\">F\u00f6rvaringsyta: 128 \u00d7 68 \u00d7 24 cm<\/p><\/li><\/ul><p data-start=\"1217\" data-end=\"1438\">Umg\u00e5s passar perfekt i vardagsrum d\u00e4r du vill kombinera sociala ytor med smart funktion.<br data-start=\"1305\" data-end=\"1308\" \/>En h\u00f6rnsoffa designad f\u00f6r att anv\u00e4ndas, delas och uppskattas \u2013 utan att kompromissa med vare sig stil, komfort eller flexibilitet.<\/p><p data-start=\"1345\" data-end=\"1366\"><img loading=\"lazy\" decoding=\"async\" class=\"alignnone size-full wp-image-6095\" src=\"https:\/\/itsmyruum.com\/wp-content\/uploads\/2025\/12\/UMGAS-BADDSOFFA-MED-FORVARING-HORNSOFFA-MATT.jpg\" alt=\"\" width=\"2048\" height=\"980\" srcset=\"https:\/\/itsmyruum.com\/wp-content\/uploads\/2025\/12\/UMGAS-BADDSOFFA-MED-FORVARING-HORNSOFFA-MATT.jpg 2048w, https:\/\/itsmyruum.com\/wp-content\/uploads\/2025\/12\/UMGAS-BADDSOFFA-MED-FORVARING-HORNSOFFA-MATT-300x143.jpg 300w, https:\/\/itsmyruum.com\/wp-content\/uploads\/2025\/12\/UMGAS-BADDSOFFA-MED-FORVARING-HORNSOFFA-MATT-768x367.jpg 768w, https:\/\/itsmyruum.com\/wp-content\/uploads\/2025\/12\/UMGAS-BADDSOFFA-MED-FORVARING-HORNSOFFA-MATT-1536x735.jpg 1536w, https:\/\/itsmyruum.com\/wp-content\/uploads\/2025\/12\/UMGAS-BADDSOFFA-MED-FORVARING-HORNSOFFA-MATT-18x9.jpg 18w, https:\/\/itsmyruum.com\/wp-content\/uploads\/2025\/12\/UMGAS-BADDSOFFA-MED-FORVARING-HORNSOFFA-MATT-1200x574.jpg 1200w, https:\/\/itsmyruum.com\/wp-content\/uploads\/2025\/12\/UMGAS-BADDSOFFA-MED-FORVARING-HORNSOFFA-MATT-150x72.jpg 150w\" sizes=\"auto, (max-width: 2048px) 100vw, 2048px\" \/><\/p>\t\t\t\t\t\t\t\t<\/div>\n\t\t\t\t\t<\/div>\n\t\t\t\t<\/div>\n\t\t\t\t<\/div>","protected":false},"excerpt":{"rendered":"<p>Umg\u00e5s &#8211; En b\u00e4ddsoffa med f\u00f6rvaring i boucl\u00e9 tyg. Mjukt, genomt\u00e4nkt och inbjudande.Umg\u00e5s \u00e4r en stilren b\u00e4ddsoffa i h\u00f6rnformat, kl\u00e4dd<\/p>","protected":false},"featured_media":6040,"comment_status":"open","ping_status":"closed","template":"","meta":{"_acf_changed":false},"product_brand":[],"product_cat":[70,69,82,90,88],"product_tag":[],"class_list":{"0":"post-6028","1":"product","2":"type-product","3":"status-publish","4":"has-post-thumbnail","6":"product_cat-alla-soffor","7":"product_cat-baddsoffor","8":"product_cat-fatoljer","9":"product_cat-products","10":"product_cat-startsida","12":"first","13":"instock","14":"shipping-taxable","15":"purchasable","16":"product-type-variable"},"acf":[],"_links":{"self":[{"href":"https:\/\/itsmyruum.com\/en\/wp-json\/wp\/v2\/product\/6028","targetHints":{"allow":["GET"]}}],"collection":[{"href":"https:\/\/itsmyruum.com\/en\/wp-json\/wp\/v2\/product"}],"about":[{"href":"https:\/\/itsmyruum.com\/en\/wp-json\/wp\/v2\/types\/product"}],"replies":[{"embeddable":true,"href":"https:\/\/itsmyruum.com\/en\/wp-json\/wp\/v2\/comments?post=6028"}],"version-history":[{"count":5,"href":"https:\/\/itsmyruum.com\/en\/wp-json\/wp\/v2\/product\/6028\/revisions"}],"predecessor-version":[{"id":6099,"href":"https:\/\/itsmyruum.com\/en\/wp-json\/wp\/v2\/product\/6028\/revisions\/6099"}],"wp:featuredmedia":[{"embeddable":true,"href":"https:\/\/itsmyruum.com\/en\/wp-json\/wp\/v2\/media\/6040"}],"wp:attachment":[{"href":"https:\/\/itsmyruum.com\/en\/wp-json\/wp\/v2\/media?parent=6028"}],"wp:term":[{"taxonomy":"product_brand","embeddable":true,"href":"https:\/\/itsmyruum.com\/en\/wp-json\/wp\/v2\/product_brand?post=6028"},{"taxonomy":"product_cat","embeddable":true,"href":"https:\/\/itsmyruum.com\/en\/wp-json\/wp\/v2\/product_cat?post=6028"},{"taxonomy":"product_tag","embeddable":true,"href":"https:\/\/itsmyruum.com\/en\/wp-json\/wp\/v2\/product_tag?post=6028"}],"curies":[{"name":"wp","href":"https:\/\/api.w.org\/{rel}","templated":true}]}}

Umgås &#8211; Bäddsoffa med förvaring &#8211; Hörnsoffa

<div data-elementor-type="product-post" data-elementor-id="6028" class="elementor elementor-6028" data-elementor-post-type="product">
				<div class="wd-negative-gap elementor-element elementor-element-1573eea1 e-flex e-con-boxed e-con e-parent" data-id="1573eea1" data-element_type="container" data-e-type="container">
					<div class="e-con-inner">
				<div class="elementor-element elementor-element-2be6e1af color-scheme-inherit text-left elementor-widget elementor-widget-text-editor" data-id="2be6e1af" data-element_type="widget" data-e-type="widget" data-widget_type="text-editor.default">
									<h3 data-start="127" data-end="189"><strong data-start="131" data-end="189">Umgås &#8211; En bäddsoffa med förvaring i bouclé tyg.</strong></h3><p data-start="268" data-end="579">Mjukt, genomtänkt och inbjudande.<br data-start="301" data-end="304" />Umgås är en stilren bäddsoffa i hörnformat, klädd i trendigt bouclétyg och skapad för att samla människor. Med sin generösa storlek, mjuka former och inbjudande kuddar blir den hemmets självklara samlingsplats – perfekt för långa kvällar, vardagshäng och övernattande gäster.</p><p data-start="581" data-end="835">Under sitsen döljer sig en rymlig förvaring där du enkelt kan förvara sängkläder, filtar eller extra kuddar. När kvällen kommer fälls Umgås smidigt ut till en bekväm bädd med sovyta på <strong data-start="766" data-end="782">137 × 224 cm</strong>, vilket ger gott om plats för en eller två personer.</p><p data-start="837" data-end="890"><strong data-start="837" data-end="890">Detaljer som gör Umgås till mer än bara en soffa:</strong></p><ul data-start="891" data-end="1036"><li data-start="891" data-end="918"><p data-start="893" data-end="918">Inkluderar mjuka kuddar</p></li><li data-start="919" data-end="954"><p data-start="921" data-end="954">Praktisk förvaring under sitsen</p></li><li data-start="955" data-end="996"><p data-start="957" data-end="996">Klädd i mjukt, strukturerat bouclétyg</p></li><li data-start="997" data-end="1036"><p data-start="999" data-end="1036">Stabil konstruktion med hög komfort</p></li></ul><p data-start="1038" data-end="1061"><strong data-start="1038" data-end="1061">Mått &amp; information:</strong></p><ul data-start="1062" data-end="1215"><li data-start="1062" data-end="1078"><p data-start="1064" data-end="1078">Djup: 177 cm</p></li><li data-start="1079" data-end="1094"><p data-start="1081" data-end="1094">Höjd: 94 cm</p></li><li data-start="1095" data-end="1112"><p data-start="1097" data-end="1112">Bredd: 282 cm</p></li><li data-start="1113" data-end="1134"><p data-start="1115" data-end="1134">Sittbredd: 224 cm</p></li><li data-start="1135" data-end="1154"><p data-start="1137" data-end="1154">Sitthöjd: 41 cm</p></li><li data-start="1155" data-end="1179"><p data-start="1157" data-end="1179">Sovyta: 137 × 224 cm</p></li><li data-start="1180" data-end="1215"><p data-start="1182" data-end="1215">Förvaringsyta: 128 × 68 × 24 cm</p></li></ul><p data-start="1217" data-end="1438">Umgås passar perfekt i vardagsrum där du vill kombinera sociala ytor med smart funktion.<br data-start="1305" data-end="1308" />En hörnsoffa designad för att användas, delas och uppskattas – utan att kompromissa med vare sig stil, komfort eller flexibilitet.</p><p data-start="1345" data-end="1366"><img loading="lazy" decoding="async" class="alignnone size-full wp-image-6095" src="https://itsmyruum.com/wp-content/uploads/2025/12/UMGAS-BADDSOFFA-MED-FORVARING-HORNSOFFA-MATT.jpg" alt="" width="2048" height="980" srcset="https://itsmyruum.com/wp-content/uploads/2025/12/UMGAS-BADDSOFFA-MED-FORVARING-HORNSOFFA-MATT.jpg 2048w, https://itsmyruum.com/wp-content/uploads/2025/12/UMGAS-BADDSOFFA-MED-FORVARING-HORNSOFFA-MATT-300x143.jpg 300w, https://itsmyruum.com/wp-content/uploads/2025/12/UMGAS-BADDSOFFA-MED-FORVARING-HORNSOFFA-MATT-768x367.jpg 768w, https://itsmyruum.com/wp-content/uploads/2025/12/UMGAS-BADDSOFFA-MED-FORVARING-HORNSOFFA-MATT-1536x735.jpg 1536w, https://itsmyruum.com/wp-content/uploads/2025/12/UMGAS-BADDSOFFA-MED-FORVARING-HORNSOFFA-MATT-18x9.jpg 18w, https://itsmyruum.com/wp-content/uploads/2025/12/UMGAS-BADDSOFFA-MED-FORVARING-HORNSOFFA-MATT-1200x574.jpg 1200w, https://itsmyruum.com/wp-content/uploads/2025/12/UMGAS-BADDSOFFA-MED-FORVARING-HORNSOFFA-MATT-150x72.jpg 150w" sizes="auto, (max-width: 2048px) 100vw, 2048px" /></p>								</div>
					</div>
				</div>
				</div>

<p>Umgås &#8211; En bäddsoffa med förvaring i bouclé tyg. Mjukt, genomtänkt och inbjudande.Umgås är en stilren bäddsoffa i hörnformat, klädd</p>
